5 - 2801).
-30
What is the value of (1 - (1 - 1)) + 63 + 115 + (64 - 181)?
62
1 + -5 + -8 + 10 + 24 - (0 - -4)
18
Calculate 4 + 3 + -1 - (-1 - (-11 + 11)).
7
Evaluate (1090 - 1032) + (-2 - 103).
-47
Calculate (-52 - -15) + 16 - (-11 - (-82 - -19)).
-73
-22 - ((262 - 259) + -3 + 1)
-23
-67 - (-19 - 15 - -1)
-34
Evaluate (0 - (-1 - -12)) + (-251 + 66 - -285).
89
18 + 5 - ((-15 - (-21 - -7)) + 0)
24
What is 72 + -275 + 86 - -33?
-84
-163 + 86 + 72 + -14
-19
What is 44 + (18 - 49) + (2 - 1)?
14
Evaluate 22 + (-24 - -16) + -45.
-31
What is the value of 4 + -2 + (-23 + (-4 - -2) - -28)?
5
What is the value of (3 - -13) + 27 + 30 + -15?
58
(57 - 31 - 79) + -40
-93
What is -3 - (-17 - -4) - (-20 + 7 + (0 - 5))?
28
What is -778 + 877 - (5 - (-4 - -15 - -2))?
107
What is the value of (-1159 - -1250) + 1 + 0?
92
What is (17 - (-7 - -25)) + -112 + 7 + -7?
-113
What is -30 + (-9 + -14 + (66 - 15) - 17)?
-19
What is the value of (24 - (-13 + 3 + -2 + 7)) + -8?
21
Evaluate (-8 - 2) + 6 - ((-40 - 17) + 6).
47
What is -51 - (-37 + -68 + 103)?
-49
Calculate -1 - -17 - ((-12 - -16) + -5 - (1 - 8)).
10
What is the value of -48 + 10 - -106 - 49?
19
Calculate 0 - ((-25 - -49) + -15 + 3 + 21).
-33
Evaluate (-27 - (-24 - 19)) + -30.
-14
Calculate 44 + 4 + 7 + -8 + -4.
43
What is 2 + (33 + -31 - (3 - -14)) + -34?
-47
(27 - (88 - 38)) + (54 - 1) + (1 - 2)
29
Calculate 16 - (6 - (19 - 69)).
-40
Calculate (42 + (1 - -1) - (318 - 315)) + 13 + 11.
65
What is the value of 37 - (-39 + -18 - -72)?
22
Evaluate (37 - 41) + (12 - 2) + -14 - -48.
40
What is the value of -81 + 0 + -32 + (73 - 27) + 10?
-57
What is -8 + (-6 - (-1 + 0)) - (72 - (-19 + 13))?
-91
What is the value of 13 - 14 - (-71 - -99)?
-29
Evaluate -80 + 9 + (824 - 730).
23
What is 0 + -1 - (-3649 + 3562)?
86
2 + -28 + (52 - 32) + (-3 + -1 - -1)
-9
115 + -26 + -173 - -66
-18
What is the value of 1 + 3 + (-7 + 3 - 1) - (-1 + 57)?
-57
(-11 - -58) + (-81 - 3)
-37
Calculate -28708 - -28716 - (-1 + (1 - 1) + -24).
33
What is -84 + (81 - 23) + -54?
-80
Calculate (6 - 2) + (40 - (-2 - -1)) + -14.
31
What is (-13 - (6 - -4)) + (-2 - 19)?
-44
Evaluate 0 + -19 - 0 - (5 + -6 + 10).
-28
What is -46 + 0 - ((-11 - 9) + 12)?
-38
Evaluate -4 + (85 - 129 - -87).
39
What is the value of -21 - -55 - (-1 + 2 + (1 - -10)) - 1?
21
-41 + 2 + 2 + -32 + 83 + -42
-28
Evaluate 4 - (0 + (-16 - 11) + -19 + 16).
34
What is 30 + (-65 - -61) + 6?
32
(403 + -400 - ((-2 - -1) + -1)) + -38 + 1
-32
What is the value of -5 + (-12 + 11 + -4 - -6 - (-62 + 4))?
54
What is the value of 24619 - 24602 - (1 - -147)?
-131
Calculate (-307 - -309) + (1 - 18) + 2 + 35.
22
Calculate -2 + -57 - (1631 - 1792).
102
What is the value of 12 - (-18 + 10 + 3) - -5?
22
What is -30 - (-77 - (10 + -37))?
20
Evaluate 75 + (-7 + -4 - 20).
44
Calculate 6 - (33 - 8) - -39 - 119.
-99
Evaluate (-36 - (0 - 12) - -44) + -90.
-70
What is the value of -17 + 5 + 21 + 11 + (16 - 5)?
31
Evaluate (2 + (-2 - 102) - ((-2 - -106) + -110)) + -1.
-97
Calculate 118 + 31 + -89 - 172.
-112
What is the value of 13 + (3 - (16 - -10))?
-10
(0 - -12 - (28 + -16)) + 3 + 3 + 39
45
Evaluate 0 + (-21 + -28 - -6).
-43
(13 + 1 - (278 - 272)) + -13
-5
23 - (1 - (-19 - ((-9 - (6 + 7)) + 9)))
16
Evaluate -5 + (-2 - -5) + 2 + (-14 - -4) - -62.
52
Evaluate (-17 - 122) + 156 + (81 - -1).
99
Calculate 156 + -180 - (5 + -5 + 1 + -11).
-14
(278 - 98) + -55 + 15 + (-5 - 0)
135
What is 8 + (-1 - 12) + -29 + 16?
-18
What is 176 + -77 - 108 - (62 - -2 - -1)?
-74
What is 1 - -12 - (-2 + 7 + -10 + 58)?
-40
44 + -1 - ((-451 - -430) + (13 - (1 + -4)))
48
Evaluate (-12 - (8 - 6 - (11 - 4))) + 19.
12
Calculate -7 - (-48 - (41 - 105)).
-23
Evaluate (43 - 78) + (-62 - -91).
-6
-66 + -1 - (1693 - 1752)
-8
Calculate -158 + 166 + (1 - 1 - 17) - -16.
7
Evaluate -3 - -46 - (-1305 - -1280).
68
6 + 1 + (-6 + -1 + 11 - 9) - -63
65
(26 - (-40 - -7)) + 2 + -2
59
What is the value of -4 - (-15 - (3 + 19))?
33
What is the value of -37 + -49 + 84 + 19?
17
What is the value of -102 + 100 + 0 - (-60 + 2)?
56
Evaluate -9 - ((-1543 - -1538) + -13 + 2 + -1).
8
Calculate 11 - (-53 - -69 - 20).
15
Calculate 51 - 89 - -9 - (-95 + 14).
52
Evaluate -17 + (2 - (-25 - 14)) + 1 + 0.
25
-13 + 25 + 8 + 1 + (-71 - 2)
-52
Calculate 29 + (14 - 9) + (27 - 11).
50
What is the value of (-62 - -79 - 5) + 7 + 1?
20
Evaluate (158 - 169) + -17 + (6 + 0 - 2).
-24
Calculate 54 + (14 + -10 - 0) + (-23 - -2).
37
Calculate (-59 - -2) + 6 + (1 - -3 - (10 - 3)).
-54
Evaluate 3 - (2 - -133) - (-26 - (24 + -29 + -9)).
-120
What is (-10 + -20 - -18) + 19 + -28?
-21
What is the value of 0 + (-8 - (-4 + -5 + 1 + 1 + 2))?
-3
14 - (18 + -35 - 5 - -45)
-9
(-48 - -1) + 74 + 13
40
Calculate 31 + -1 + -21 + -6 + (-31 - (-4 - -4)).
-28
What is the value of (8 + 4 - 4) + -1 - (25 + -24 + -42)?
48
(-1 - 22) + (-17 - (10 + -20)) + -6 + 15
-21
Evaluate (1 - (8 + -15 + -14)) + 10 + -2 + 0.
30
What is 12 + -57 + -17 + 61 + -66 + 1?
-66
What is -10 + 37 + 16 - (8 - -4 - -3)?
28
Calculate 10 - ((-40 - -9) + (18 - 2)).
25
33 - (155 - (157 + -179))
-144
-31 - 0 - (1 + -33)
1
Calculate (15 - 7 - (-3 - (-4 + 9))) + 96.
112
Calculate 15 + -5 - 40 - -30.
0
Calculate -24 + (-56 - -67) - 33.
-46
Calculate 13 + -172 + 165 + (-1 - (98 + -4 + -3)).
-86
(9 - 30) + (-4 + -20 - -89)
44
What is -6 + -46 + 30 + 4?
-18
What is the value of 206 - 3 - (953 - 819)?
69
What is the value of -11 - ((-220 - -175) + (-8 - -1) + 3)?
38
Calculate 30 + 72 + 17 + -101.
18
What is 48 + (10 - (-11 + 114))?
-45
What is the value of (0 - (1 + -6 + -12 + 4)) + -13 + 90?
90
Calculate -91 + 17 + -10 + -3 + (21 + -13 - 12).
-91
Evaluate 2 + 77 - (-54 - -76 - (23 + 10)).
90
(-1 - (-55 + -3)) + (-54 - 17 - -83)
69
(-5 - -1) + 23 + (-55 - 28) + 63
-1
Evaluate 87 + -26 + 52 + -77.
36
Calculate (-1315 - -1268) + -15 + 3 + 2.
-57
Evaluate (-19 + -4 - (-5 + -6 + 12)) + -13.
-37
Calculate -95 - -184 - 151 - -83.
21
(15 - (19 + -15 + 7) - 14) + 20
10
What is the value of -24 + 46 + -92 + 44?
-26
What is the value of -27 + (-28 + 44 - 6 - -24)?
7
Evaluate (18 - (-7 - -15)) + 0 + (14 - 1).
23
What is the value of (6 - 2) + -45 + 57 + -7?
9
What is (37 + -12 + 7 - 12) + -14?
6
23 + 16 + (-26 - 3) + -8 + 0 - -26
28
Evaluate -5 + (20 + -49 - -51 - (10 + 0)) - 49.
-42
What is 1 - (4 - (6 - ((9 - 7) + -5)))?
6
What is -6 + 6 + 2 + -9 + (-62 - (-38 + -22))?
-9
Evaluate -2 + 26 - (2 + (-1 + 12 - 26)).
37
What is (13 - 20) + -20 - 40?
-67
What is the value of 11 + (53 - 23 - 20)?
21
Evaluate (1950 - 1967) + 1 + 2 + 16.
2
What is 3 + -4 + (45 - 7 - (-3 - (-7 - 0)))?
33
Calculate 97 + -53 + -130 - -56.
-30
What is the value of -1 + -11 + 20 - (-10 - (-22 + -5))?
-9
What is (-43 - -14) + 0 - (173 - 158)?
-44
32 + -3 + 58 + -61
26
Evaluate (-10 - -19 - 12) + (-5 - 1) - (-112 + 74).
29
What is -46 - (73 + -3 - 55)?
-61
1 - 39 - (-1772 - -1776)
-42
Evaluate -2 - 6 - (8 - ((16 - -1) + -33)).
-32
Calculate (-15 - 7) + (6 - 1) + 36.
19
Evaluate 17 + -45 + 80 + -20.
32
-82 - (-49 - (18 - 40))
-55
Calculate 26 - (-4 - -4 - (6 + (5 - 19))).
18
(-1 - 11 - -24) + -47 - (16 - 9)
-42
Evaluate (45 - 86) + 49 - ((4 - 85) + 4) - 5.
80
Calculate 12 + -4 - (48 - (-4 - (-11 + -12 + 14))).
-35
Calculate -13 + (71 - 47) + 17.
28
Evaluate -2 + -17 + (50 - (51 - 7)).
-13
What is -52 + 21 + 27 + -2 + (2 - -3) + 31?
30
What is the value of -28 - (44 - (9 + -22)) - -11?
-74
What is -8 + 2 - (331 - 286 - (0 + -104))?
-155
What is the value of (39 + -45 - 1) + 40 + -150?
-117
Calculate 15 + (-17 - (0 + -6)) + (-16 - -6) + -75.
-81
Calculate -1 - -16 - (2680 + -2669).
4
(7 - 1) + 63 + -33 + -14 + 9
31
What is 1 + 16 + (-61 - (-80 + 34))?
2
Calculate -26 + (51 - 83) + 0.
-58
Evaluate -18 + 17 + 35 + 12 + -38.
8
What is 5 + -7 + -15 - (26 + -15)?
-28
Calculate -70 + -26 + (86 - 25).
-35
What is the value of -22 + 149 + -156 + (8 - (-2 + 4)) + 0?
-23
-246 + 248 - (5 - 1) - -3 - -12
13
-105 + (22 - -130 - 163)
-116
1 + -3 - (-749 + 764) - 1
-18
Evaluate 7 - (17 + -55 - (0 - -6 - 12)).
39
What is -20 + -45 + -36 - -38?
-63
5379 + -5362 + 2 + -1 + -66 + -3
-51
What is 59 + (-31 - 9) - 80?
-61
Calculate (-269 - -267) + -12 + (-2 - (3 - 4)).
-15
Evaluate 9 + -16 - 26 - (27 + -18).
-42
Evaluate -189 + 91 + 245 - 79.
68
(3 - -45 - 36) + -3
9
What is the value of 13 - (40 + (2 - 